on factor of a and 3.
3
Let w be (14/(-4) + 2)*-4. Let y = -2 + w. What is the greatest common factor of 20 and y?
4
Suppose -1 = -i + 27. Suppose 4*o + 3 = -3*h + i, 18 = 3*o + 2*h. Calculate the greatest common divisor of 4 and o.
4
Let s = -178 + 312. Suppose 5*w + 37 = v, 4*v - 50 = 2*w + s. Suppose 0 = 4*r - r - 2*o - v, -3*o = -r + 25. Calculate the highest common divisor of 39 and r.
13
Suppose -3*n - 2*n - 5*a + 45 = 0, -5*n + 39 = 2*a. Calculate the highest common divisor of 7 and n.
7
Suppose -3*r + 5*n = -6*r + 3, 3*r - 3*n - 27 = 0. Calculate the greatest common factor of 42 and r.
6
Suppose -2*f = -6*f. Let m = 11 + f. What is the highest common factor of m and 99?
11
Let u(v) = -v**3 + 10*v**2 + 2*v - 13. Let b be u(10). Suppose b*y = 3*y + 92. Suppose 0 = 3*n - y - 13. What is the greatest common factor of n and 108?
12
Let u(x) = x - 2. Let d be u(-4). Let b(o) = 4*o - 3 + 4 + 2*o**2 + 7 + 3*o. Let f be b(d). What is the highest common divisor of 95 and f?
19
Let u(n) = -n**2 - 8*n + 3. Let q be u(-7). Let x(w) = -4*w**3 + w**2 - 2*w. Let k be x(-2). Calculate the highest common divisor of q and k.
10
Let j be 345/27 + 7/((-189)/(-6)). What is the highest common factor of 52 and j?
13
Suppose 4*n + 4*c = -n + 357, -4*n + 5*c + 302 = 0. Suppose -o = -2*d + 291, -6 + 164 = d - 3*o. Let k = d - n. What is the greatest common factor of k and 14?
14
Suppose 4*y + 0*v - 2*v - 142 = 0, 2*v - 2 = 0. Suppose h = -h + 148. Let n = h + -50. Calculate the highest common factor of n and y.
12
Suppose 0 = 5*q - l - 6, 5*q - 18 = 4*q - 4*l. Let m(h) = 0 - 4 + h - h**q + 10*h. Let k be m(8). What is the greatest common factor of 30 and k?
10
Let l be (0 - 15)*(-2)/3. Let d(h) = h + 9. Let z be d(-6). Suppose 23 = 4*k + z. What is the highest common factor of k and l?
5
Suppose -3*r = -2*t + 30, 2*t = 5*t - r - 38. Let m be -2*(2/(-4) - -2). Let i(x) = 10*x**2 + 2*x. Let z be i(m). What is the greatest common factor of t and z?
12
Let l = 36 + -15. Let y = 31 - l. What is the greatest common factor of 4 and y?
2
Suppose 0*k + 96 = 16*k. What is the highest common factor of 3 and k?
3
Suppose 4*l - 3*j - 2 = 0, -5*j + 3 = -7. Suppose -d - 8 = -l*w, -3*w - 4*d - 11 = -1. Calculate the greatest common factor of w and 8.
2
Let i(c) = 0*c - 3 + 3 + 2*c - 6. Let m be i(4). What is the highest common factor of 1 and m?
1
Let d = 39 + 3. Let l be (3/(-9))/((-2)/d). What is the highest common divisor of l and 7?
7
Let j = -4 - -9. Suppose j*b - 3*t + t = 129, -4*b - t = -98. Calculate the greatest common divisor of 10 and b.
5
Let n(i) = -i**3 + 4*i**2 - 4*i + 2. Let o be n(2). Suppose 0 = o*s + 3*r - 30, 3*s - 6 = 2*r + 13. Calculate the greatest common divisor of s and 1.
1
Suppose b = -0*b - 3. Let v = 23 + b. Calculate the highest common divisor of 20 and v.
20
Let m = -4 - 3. Let z(u) = u**2 + 4*u - 8. Let o be z(m). What is the greatest common divisor of 13 and o?
13
Let f(p) = -198*p. Let h = 2 - 3. Let n be f(h). Calculate the greatest common divisor of n and 18.
18
Let y = -11 - -8. Let b be 1452/42 + y/(-7). Suppose 5 = 5*w - b. What is the highest common factor of w and 4?
4
Suppose -8*u + 804 = 84. What is the greatest common factor of u and 10?
10
Suppose -156 - 84 = -4*f. Suppose -c - z + f = -18, c - 72 = -4*z. What is the highest common factor of c and 32?
16
Let g = -8 + 14. Suppose 3*c - 46 = -2*k, -g*c + k + 54 = -2*c. What is the greatest common divisor of c and 112?
14
Let m(c) = 6*c - 5. Let p be m(5). Let s = -50 + 55. Calculate the greatest common divisor of p and s.
5
Let c be (-1)/4 + 145/20. Calculate the greatest common divisor of c and 28.
7
Let a be (0 - -2)/((-2)/2). Let v be (a + 7/3)*9. Let y be (9/(-2))/(-3)*2. What is the highest common factor of y and v?
3
Let i(s) = -28*s - 1. Let r be (1 - 0)*(-3)/1. Let h be i(r). Let j = h + -57. What is the highest common factor of 13 and j?
13
Let o = 142 - 120. Calculate the highest common factor of o and 99.
11
Let g be 2/9*-15*(-36)/8. What is the greatest common divisor of 60 and g?
15
Let v be (-4)/2*11/(-2). Let d = 23 - v. What is the highest common factor of 108 and d?
12
Let m = 39 + 61. What is the highest common factor of m and 20?
20
Let c(u) = -2*u - 3. Let k be c(-6). Let s = -1 + k. Calculate the greatest common factor of s and 40.
8
Let y(j) = 8*j**2 - 5*j + 1. Let d be y(5). Let r be 2 - -22 - (-10)/(-5). Calculate the greatest common divisor of d and r.
22
Let i(h) = h**2 - 3*h + 8. Let d be i(7). Let g(v) = v**3 + 34*v**2 + 53*v - 28. Let s be g(-32). What is the greatest common divisor of s and d?
36
Let j(z) = z**2 - 6*z - 20. Let s be j(-4). What is the highest common factor of 110 and s?
10
Suppose -2*b + 8 = 6. What is the greatest common divisor of 1 and b?
1
Suppose -2*p + 151 + 49 = 0. What is the greatest common factor of p and 20?
20
Let s = 1 - -2. Let j be s + 1/(-1) + 9. Let y = 6 + 38. Calculate the greatest common factor of j and y.
11
Let f be ((-4)/6)/(0 + 4/(-18)). Calculate the highest common divisor of f and 3.
3
Let q = -11 - -16. Suppose y - q*f + 63 = -y, -111 = 5*y + 3*f. Let r = y + 34. What is the highest common factor of 80 and r?
10
Suppose -2*l = 10, 2*d - 5*l = -4*l + 25. Let v = 16 - d. Suppose v*k = k + 5. What is the greatest common divisor of k and 1?
1
Let x be ((-36)/10)/((-3)/10). Calculate the highest common divisor of x and 30.
6
Let z(l) = -l**3 + 27*l**2 - 25*l + 44. Let v be z(26). What is the greatest common factor of v and 14?
14
Let g(u) = u**3 + 13*u**2 - u - 13. Let j be g(-13). Suppose 0 = -i - j*i + 11. Calculate the greatest common factor of i and 44.
11
Let x = 14 - 2. Calculate the greatest common divisor of x and 30.
6
Let g(y) = y**3 - 6*y**2 - 6*y - 6. Let m be g(7). Let u = -6 - -8. What is the highest common divisor of u and m?
1
Suppose -2*r = 4*s - 18, -5*r = 3*s - 40 + 2. Calculate the highest common divisor of r and 14.
7
Let g(h) = h - 7. Let l be g(10). Suppose -l*b + b = -68. What is the highest common factor of b and 17?
17
Let c(i) = i**2 + 12*i - 104. Let f be c(-20). What is the highest common divisor of f and 140?
28
Suppose -2*i - 4 = -0*i, 0 = 5*u - 5*i - 50. Let d be 4/14 - (-24)/14. Suppose 5*l = d*l + 60. Calculate the greatest common factor of u and l.
4
Let k be (24 - 3)*(-2 + 3). Suppose 5*f = 16 - 1. Calculate the highest common factor of f and k.
3
Let w = -15 - -12. Let l be (310/(-6))/5*w. Calculate the highest common factor of l and 248.
31
Let r(b) = b**2 + b + 315. Let k be r(0). Suppose -6*n + 9*n = k. Calculate the greatest common divisor of 42 and n.
21
Suppose 5*j = -4*s + 385, -4*s = -s + 2*j - 287. What is the highest common divisor of 5 and s?
5
Suppose 4*y - 2*z - 99 = 3*y, -5*y = -5*z - 495. Calculate the highest common factor of 22 and y.
11
Suppose -3*g = g - 220. Suppose -17 = -5*b + 8. What is the greatest common factor of g and b?
5
Let q = -31 - -55. Suppose 0 = -2*i - 2*i + 8. Suppose -i*f + 16 = -3*w - 20, -5*f + 3*w = -72. Calculate the greatest common factor of q and f.
12
Let i(d) = -d**2 - 16*d - 20. Let t be i(-14). Calculate the greatest common divisor of t and 40.
8
Let x = 108 - 101. Calculate the highest common divisor of x and 49.
7
Let y = -44 + 65. Suppose -33 = -3*d - 3*c, c = 3*c + 6. Calculate the greatest common divisor of y and d.
7
Suppose -2*l - 1 + 3 = 0. Let w be (-25 - (0 - l))*-2. What is the highest common factor of w and 12?
12
Suppose 49 = -3*r + 5*f, 4*r = 2*r - 2*f - 6. Let z be (-5)/((-15)/r)*-6. What is the greatest common divisor of 176 and z?
16
Suppose -4*i + 3*q = -43, 3*q = -i + 11 - 4. What is the greatest common factor of 40 and i?
10
Suppose -3*m + 29 + 19 = 0. Let o be 10/5 + 0 + m. Let i be ((-4)/(-6))/(2/6). What is the highest common divisor of i and o?
2
Suppose 0 = -4*a + 2*a + 8. Let u(n) = -n**2 + 4*n + 3. Let j be u(a). What is the greatest common factor of j and 27?
3
Let j(w) = -w**2 + 7*w - 10. Let o be j(4). Suppose -3*u - 32 = -4*v, v - 5*u - 25 = -0*v. Calculate the greatest common factor of o and v.
1
Suppose -2*o - 3 = o. Let r = 3 + o. Suppose 49 + 29 = r*y. What is the highest common factor of y and 26?
13
Let o(i) be the second derivative of i**4/12 + 3*i**2/2 - 2*i. Let h be o(3). Let b be ((-4)/(-